{"id":1944,"date":"2024-05-22T22:28:36","date_gmt":"2024-05-22T22:28:36","guid":{"rendered":"https:\/\/casianet.com\/servicios\/?post_type=product&#038;p=1944"},"modified":"2024-10-14T16:53:20","modified_gmt":"2024-10-14T16:53:20","slug":"mejoras","status":"publish","type":"product","link":"https:\/\/casianet.com\/servicios\/producto\/mejoras\/","title":{"rendered":"Mejoras"},"content":{"rendered":"","protected":false},"excerpt":{"rendered":"<p><strong>OPCION #1<\/strong><\/p>\n<ul>\n<li>Servicio completo Q435.00<\/li>\n<li>Rescate de informaci\u00f3n 1gb a 7gb Q0.00<\/li>\n<li>Disco solido 240gb Q325.00<\/li>\n<li>Recolecci\u00f3n y entrega Q55.00 (ciudad)<\/li>\n<\/ul>\n<p><span style=\"color: #ff0000;\"><strong>TOTAL Q815.00<\/strong><\/span><\/p>\n<hr \/>\n<p><strong>OPCION #2<\/strong><\/p>\n<ul>\n<li>Servicio completo Q435.00<\/li>\n<li>Rescate de informaci\u00f3n 1gb a 7gb Q0.00<\/li>\n<li>Disco solido 240gb Q325.00<\/li>\n<li>RAM 4gb Q325.00<\/li>\n<li>recolecci\u00f3n y entrega Q55.00 (ciudad)<\/li>\n<\/ul>\n<p><span style=\"color: #ff0000;\"><strong>TOTAL Q1140.00<\/strong><\/span><\/p>\n<hr \/>\n<p><strong>OPCION #3<\/strong><\/p>\n<ul>\n<li>Servicio completo Q435.00<\/li>\n<li>Rescate de informaci\u00f3n 1gb a 7gb Q0.00<\/li>\n<li>Disco solido 240gb Q325.00<\/li>\n<li>RAM 4gb Q325.00<\/li>\n<li>antivirus 1us 1a\u00f1o Q195.00<\/li>\n<li>recolecci\u00f3n y entrega Q55.00 (ciudad)<\/li>\n<\/ul>\n<p><strong><span style=\"color: #ff0000;\">TOTAL Q1,335.00<\/span><\/strong><\/p>\n<hr \/>\n<p><strong>VALORACIONES<\/strong><\/p>\n<ul>\n<li>Costo por equipo desde Q75.00<\/li>\n<li><strong>Nota:<\/strong> la valoraci\u00f3n por compra depende de: tecnolog\u00eda, capacidad, estado.<\/li>\n<\/ul>\n<p><strong>CAMBIO\/RENOVACION<\/strong><\/p>\n<ul>\n<li>Valoraci\u00f3n por equipo desde Q225.00<\/li>\n<li><strong>Nota:<\/strong> la valoraci\u00f3n no se paga en efectivo, solo se descuenta al adquirir un equipo de computo nuevo o usado en CASIANET<\/li>\n<\/ul>\n<p><strong>EQUIPOS DE COMPUTO<\/strong><\/p>\n<ul>\n<li><strong>Laptop dell<\/strong> 360, corei3 8va gen, 8gb, 240gb, 14&#8243; &#8211; Q2,195.00<\/li>\n<li><strong>Nota:<\/strong> equipo usado 1 mes de garant\u00eda, da\u00f1o en cristal no impide su funcionamiento el da\u00f1o.<\/li>\n<\/ul>\n<p>&nbsp;<\/p>\n<ul>\n<li><strong>Laptop hp<\/strong> corei5 8ta gen, 8gb RAM, ssd 240gb, 14&#8243; &#8211; Q3,095.00<\/li>\n<li><strong>Nota:<\/strong> equipo de segunda con 6 meses de garant\u00eda por defecto de fabrica, no incluye software<\/li>\n<\/ul>\n<p>&nbsp;<\/p>\n<ul>\n<li><strong>Laptop macbook<\/strong> pro, corei5, 16gb RAM, ssd 240gb 13&#8243; &#8211; Q4,195.00<\/li>\n<li><strong>Nota:<\/strong> equipo usado con 6 meses de garant\u00eda<\/li>\n<\/ul>\n<p>&nbsp;<\/p>\n<ul>\n<li><strong>Laptop dell<\/strong> corei3 12va gen, 8gb RAM, ssd 512gb, 15&#8243; &#8211; Q4,395.00<\/li>\n<li><strong>Nota:<\/strong> equipo nuevo 1 a\u00f1o de garant\u00eda por defecto de fabrica, precio varia seg\u00fan existencias.<\/li>\n<\/ul>\n<p><strong>Nota: <\/strong><\/p>\n<p>contamos con una gama extensa de equipos nuevos, los descritos son solo de referencia, depende su disponibilidad existencia con proveedor.<\/p>\n","protected":false},"featured_media":1947,"template":"","meta":[],"product_brand":[],"product_cat":[17],"product_tag":[],"class_list":{"0":"post-1944","1":"product","2":"type-product","3":"status-publish","4":"has-post-thumbnail","6":"product_cat-individuales","8":"first","9":"instock","10":"product-type-external"},"jetpack_sharing_enabled":true,"_links":{"self":[{"href":"https:\/\/casianet.com\/servicios\/wp-json\/wp\/v2\/product\/1944","targetHints":{"allow":["GET"]}}],"collection":[{"href":"https:\/\/casianet.com\/servicios\/wp-json\/wp\/v2\/product"}],"about":[{"href":"https:\/\/casianet.com\/servicios\/wp-json\/wp\/v2\/types\/product"}],"wp:featuredmedia":[{"embeddable":true,"href":"https:\/\/casianet.com\/servicios\/wp-json\/wp\/v2\/media\/1947"}],"wp:attachment":[{"href":"https:\/\/casianet.com\/servicios\/wp-json\/wp\/v2\/media?parent=1944"}],"wp:term":[{"taxonomy":"product_brand","embeddable":true,"href":"https:\/\/casianet.com\/servicios\/wp-json\/wp\/v2\/product_brand?post=1944"},{"taxonomy":"product_cat","embeddable":true,"href":"https:\/\/casianet.com\/servicios\/wp-json\/wp\/v2\/product_cat?post=1944"},{"taxonomy":"product_tag","embeddable":true,"href":"https:\/\/casianet.com\/servicios\/wp-json\/wp\/v2\/product_tag?post=1944"}],"curies":[{"name":"wp","href":"https:\/\/api.w.org\/{rel}","templated":true}]}}